-1)/((-4 - (-132)/32)*-1).
7
Suppose 0 = -5*l - 4*w + 2, -3 - 1 = l + 3*w. What is the remainder when (-4 + 3)/(l/(-58)) is divided by -3 + 2 + -2 + (20 - 1)?
13
What is the remainder when (14670/135)/(1 + 1/(-3)) is divided by 55?
53
Let z = -5 + 8. Suppose -2*w - 28 = -2*u - z*w, 0 = 3*w. Suppose -h - h + 52 = 0. Calculate the remainder when h is divided by u.
12
Suppose -3*m - 503 = 4*p - 0*m, -4*m - 386 = 3*p. Let v = p - -219. Suppose 23 = 5*d - v. What is the remainder when d is divided by 9?
6
Suppose 2*b + 2*r - 5*r + 11 = 0, 2*b - 19 = -3*r. What is the remainder when 15 is divided by b*(2 - -2 - 2)?
3
Let g(c) = -c**3 + 5*c**2 - c + 1. Let a be g(5). What is the remainder when 39 is divided by (a/5)/(24/(-420))?
11
Let d(j) = -j**3 + 7*j**2 - 3*j + 5. Suppose 0 = z - 2*v - 26, 3*v + 59 = 3*z - 34. Let u = z - 24. Calculate the remainder when d(6) is divided by u.
11
Suppose 0 = 2*r - 10 - 8. Let s be (-1 - (-6)/4)*4. Calculate the remainder when ((-10)/(-8))/(s/56) is divided by r.
8
Suppose h - 5*h + 28 = 0. What is the remainder when 25 is divided by h?
4
Let y be (70/21)/(4/6). Suppose -y*q + 3*q + 208 = 3*a, -5*q + 511 = 3*a. What is the remainder when q is divided by 26?
23
Let o = -6 + 10. What is the remainder when 7 is divided by o?
3
Let f be -4*(-38)/(-4) - -1. Let c = -20 - f. What is the remainder when c is divided by ((-18)/4)/(-2*(-3)/(-12))?
8
Let z(y) be the third derivative of -y**5/60 - y**4/4 - y**3 + 2*y**2. Let g be z(-5). What is the remainder when g*(-15 - (-2)/(-1)) is divided by 10?
7
Let z(l) = l**3 - 8*l**2 - 5*l - 7. Calculate the remainder when z(9) is divided by 8.
5
Let z = -29 - -39. Let o(d) = -19*d - 1. Let h(j) = -j - 5. Let f be h(-4). Calculate the remainder when o(f) is divided by z.
8
Let c = 1 - -40. Calculate the remainder when c is divided by 21.
20
Let i = 96 - 89. Calculate the remainder when 31 is divided by i.
3
Let j(p) = -p**3 - 4*p**2 - 6*p - 7. Let i be j(-6). Suppose 3*v = 5*s - i, -4*s = 4*v - 74 + 6. What is the remainder when 55 is divided by s?
17
Suppose -2*t = 6, -2*z + 3*t = 6*t - 3. Let w = z - 13. Let x = w + 56. Calculate the remainder when x is divided by 17.
15
Let u = 27 + 28. Let z = u - -150. Suppose m = 6*m - z. What is the remainder when m is divided by 11?
8
Let u be (5 - 2)/6*4. Suppose -36 = -4*o + 3*l - 9, -25 = -5*o + u*l. Calculate the remainder when o is divided by 2.
1
Let m(n) = n**3 + 8*n**2 - 3*n. Let t be m(-8). Suppose -5*b + 22 = 2*h - t, -4*h = -2*b - 68. What is the remainder when 52 is divided by h?
16
Let h(i) be the first derivative of i**3/3 + 7*i**2/2 - 19*i + 2. What is the remainder when 20 is divided by h(-10)?
9
Let r(f) = -3*f**3 - 3*f**2 - f - 2. Let g be (2/4)/((-1)/6). Let a(k) = 2*k + 7. What is the remainder when r(g) is divided by a(6)?
17
Let t = 0 - 2. What is the remainder when t - (-4)/((-8)/(-166)) is divided by 28?
25
Let b(f) = f**2 - 10*f - 9. Let v = -2 + 10. Calculate the remainder when b(-3) is divided by v.
6
Suppose c - 17 = 1. Let l be 1*1*(36 - -3). Suppose -11 = -5*g + l. What is the remainder when c is divided by g?
8
Calculate the remainder when 53 is divided by ((-2)/(-6)*2)/((-21)/(-567)).
17
Let m = -30 - -32. Suppose -3*y = y - 4. Suppose -3*x + 27 = -m*h, -x - 2*h + 2 = y. Calculate the remainder when 12 is divided by x.
5
Let h = 17 - 29. Let s = -8 - h. Suppose 14 + 26 = s*m. Calculate the remainder when 19 is divided by m.
9
Let s = -141 + 146. What is the remainder when 19 is divided by s?
4
Suppose -p + 7 - 3 = 0. Suppose q + p*i - 13 - 3 = 0, -2*q + 2*i + 82 = 0. Calculate the remainder when q is divided by 19.
17
Let w = 9 - 8. Let g be (w + -2 - -1)/1. Suppose g = 5*m - 33 + 3. Calculate the remainder when 10 is divided by m.
4
Let j be (-1)/(-3) + 68/12. Suppose 5*q = 3*q + j. Suppose q*r = 2*r + 35. Calculate the remainder when r is divided by 9.
8
Let b(y) = -y**3 - 7*y**2 + 6. What is the remainder when b(-7) is divided by 2?
0
Let c(t) = 5*t + 39. Suppose 13 = 6*v - 5*v. Calculate the remainder when v is divided by c(-7).
1
Let k = -5 + 3. Calculate the remainder when (0 - -2)/((-1)/k) is divided by 2.
0
Let r = 0 - 0. Suppose c + c - 152 = r. Calculate the remainder when c is divided by 26.
24
Suppose -2*z + 18 = -4. Calculate the remainder when 53 is divided by z.
9
Suppose 4*b - 8 = 3*v + 20, v = 0. Calculate the remainder when 11 is divided by b.
4
Let b(g) = -g**2 - 5*g + 2. Let a(s) = -s**3 + 4*s**2 + 5*s - 5. Let f be a(5). Let p be b(f). Calculate the remainder when 2 is divided by p/(-5) + 7/5.
0
Let u = -28 + 12. Let f = 2 - u. What is the remainder when 34 is divided by f?
16
Let f(t) = -t**2 + 18*t + 36. Calculate the remainder when f(15) is divided by 14.
11
Let p = 195 - 127. Let v = 29 + -6. What is the remainder when p is divided by v?
22
Suppose -d + 3*q + 2*q = -19, 5 = d + 2*q. Let f be 1*2/(4/(-18)). Calculate the remainder when (78/f)/(2/(-6)) is divided by d.
8
Let y be -75*(0 + (-8)/20). Suppose 5*d = -2*z - 2*z + y, -z + d + 3 = 0. What is the remainder when 14 is divided by z?
4
Let m(g) = -g + 1. Let w be m(3). What is the remainder when 8 is divided by 1 - -1*(0 - w)?
2
Let s(x) = 7 - 6*x + 3*x - 7*x - 3. Calculate the remainder when s(-5) is divided by 19.
16
Let c = -129 + 79. Let m = 14 - c. What is the remainder when m is divided by 22?
20
Suppose -5*h + 5*w + 940 = 0, 11 + 5 = 4*w. What is the remainder when h is divided by 39?
36
Let d(c) = c - 5. Let u be d(0). Let f = u - -22. Suppose 0 = s - 2 - 4. What is the remainder when f is divided by s?
5
Let m = -1 - -6. Let b(o) = -3*o - 6. Let p be b(-6). Suppose 3*a + 15 = 4*w, 5*w = -2*a + p + 1. Calculate the remainder when m is divided by w.
2
Suppose 11 = 4*n + 31, 5*d = -2*n + 105. What is the remainder when 44 is divided by d?
21
Suppose 0 = -4*k + b + 239, -9*b + 127 = 2*k - 12*b. Calculate the remainder when 115 is divided by k.
56
Let p(y) = y**3 - 6*y**2 - 7*y + 7. Let u be p(7). Suppose -4*o + u = -4*b - 5, o - 11 = -b. What is the remainder when 19 is divided by o?
5
Let z(i) = 3*i**2 + i + 5. Let r(a) = -2*a**3 + 2*a**2 - 3*a - 3. Calculate the remainder when z(-6) is divided by r(-2).
26
Let n be 1/(4/(-7))*-4. Let w = 14 - n. Calculate the remainder when 19 is divided by w.
5
Suppose -4*d + 7*d = 3*h - 789, 0 = 5*h - 4*d - 1310. Calculate the remainder when 7/35 - h/(-10) is divided by 1*-1 - -1*15.
12
Suppose 6*r - 6 = 3*r. Calculate the remainder when r is divided by 2/(-10) + 44/20.
0
Let k = 20 + -10. What is the remainder when (6/4)/((-6)/(-108)) is divided by k?
7
Let h(j) = -2*j - 1. Let l(m) = m. Let k(r) = -6*h(r) - 13*l(r). What is the remainder when ((-86)/8)/(1/(-4)) is divided by k(-9)?
13
Let d be (-4)/6*15/(-2). Suppose -61 = -5*g - u + 54, 0 = -u + d. What is the remainder when g is divided by 13?
9
Let d(w) be the third derivative of -w**2 + 1/12*w**4 - 5/6*w**3 + 0 + 0*w. Calculate the remainder when 12 is divided by d(6).
5
Let k(z) = -z**3 + 12*z**2 + 19. What is the remainder when 34 is divided by k(12)?
15
Suppose 4*t - g = 66, 5*t - 4*g = -0*g + 77. Let x be ((-1)/3)/(2/6). Calculate the remainder when t is divided by x*((-2)/(-1) + -11).
8
Let t be (-1)/(-3) + (-64)/(-6). Let j = t + 4. What is the remainder when 28 is divided by j?
13
Let c = 42 + -23. Let u = -4 - -14. What is the remainder when c is divided by u?
9
What is the remainder when 23 is divided by (-1)/(3/(-9)) - -9?
11
What is the remainder when (4/(-10))/(16/(-1160)) is divided by 8?
5
Let g = -32 + 64. Calculate the remainder when g is divided by 11.
10
Let z(f) = -f**3 + 7*f**2 + 7*f + 9. Let w be z(8). Suppose 0 = u + w - 6. What is the remainder when u is divided by 4?
1
Let u = 161 + -136. What is the remainder when 63 is divided by u?
13
Let q(s) = -s**3 + s**2 + s + 3. Let g be q(0). Let y(b) = 4*b + g*b**2 + 8*b**2 - 1 - 2*b**2 - 3*b. Calculate the remainder when 34 is divided by y(1).
7
Suppose -k - 2*h + 6 = 0, h + 2 = 3*k - 2. Suppose -i + 174 = k*i. What is the remainder when i is divided by 15?
13
Suppose 4*l - 44 = -12. Let x(f) = -17*f + 116. Calculate the remainder when x(6) is divided by l.
6
Let x be 2 - (1 - (-1 + -1)). Suppose -5*c + 0 - 5 = 0. What is the remainder when 22*c*(-1 + x) is divi